{"id":394,"date":"2023-08-27T14:16:19","date_gmt":"2023-08-27T12:16:19","guid":{"rendered":"https:\/\/zentralschweiz.net\/kleinanzeigen\/index.php\/de\/inserate\/35mm-jackstecker-auf-kupplung-4-polige-headset-micro-audiokabelverlaengerung-200cm\/"},"modified":"2024-01-11T12:12:47","modified_gmt":"2024-01-11T11:12:47","slug":"35mm-jackstecker-auf-kupplung-4-polige-headset-micro-audiokabelverlaengerung-200cm","status":"publish","type":"rtcl_listing","link":"https:\/\/zentralschweiz.net\/inserate\/?rtcl_listing=35mm-jackstecker-auf-kupplung-4-polige-headset-micro-audiokabelverlaengerung-200cm","title":{"rendered":"4 pol 3,5mm Audio Kupplung 200cm"},"content":{"rendered":"<p>3,5mm Jackstecker auf Kupplung 4 polige Headset Micro\/+Audiokabelverl\u00e4ngerung 200cm<\/p>\n<p><strong><span style=\"font-size: 18pt;\">4 polige Headset Micro\/+Audiokabelverl\u00e4ngerung<\/span><\/strong><\/p>\n<p><strong><span style=\"font-size: 18pt;\">3,5mm Jackstecker auf 3,5mm Jackkupplung<\/span><\/strong><\/p>\n<p><strong><span style=\"font-size: 18pt;\">L\u00e4nge 2meter<\/span><\/strong><\/p>\n<p><span style=\"font-size: 18pt;\"><strong>Hochwertig verarbeitetes strapazierf\u00e4higes Braiding (Mantelgeflecht)<\/strong><\/span><\/p>\n<p><strong><span style=\"font-size: 18pt;\">2 meter Microphon und Audio Verl\u00e4ngerung<\/span><\/strong><\/p>\n<p><strong><span style=\"font-size: 18pt;\">Farbe : Rot<\/span><\/strong><\/p>\n<p><strong><span style=\"font-size: 18pt;\">f\u00fcr viele Zwecke wie: Headset \/ Kopfh\u00f6rer \/Handy\/Tablet\/ Laptop<\/span><\/strong><\/p>\n<p><strong><span style=\"font-size: 18pt;\">\u00dcbertragung von Tonsignal AUX + Audio\/Mikrofon Ein\/Ausg\u00e4ngen<\/span><\/strong><\/p>\n<p><strong><span style=\"font-size: 18pt;\">Anschl\u00fcsse bei Handys f\u00fcr die Ton Musik\u00fcbertragung<\/span><\/strong><\/p>\n<p><strong><span style=\"font-size: 18pt;\">TWINT Zahlung m\u00f6glich<\/span><\/strong><\/p>\n<p><strong><span style=\"font-size: 18pt;\">A &#8211; Post Versand<\/span><\/strong><\/p>\n<p><strong><span style=\"font-size: 18pt;\">auch 3 Meter Kabel verf\u00fcgbar<\/span><\/strong><\/p>\n","protected":false},"author":1,"comment_status":"closed","ping_status":"closed","template":"","_links":{"self":[{"href":"https:\/\/zentralschweiz.net\/inserate\/index.php?rest_route=\/wp\/v2\/rtcl_listing\/394"}],"collection":[{"href":"https:\/\/zentralschweiz.net\/inserate\/index.php?rest_route=\/wp\/v2\/rtcl_listing"}],"about":[{"href":"https:\/\/zentralschweiz.net\/inserate\/index.php?rest_route=\/wp\/v2\/types\/rtcl_listing"}],"author":[{"embeddable":true,"href":"https:\/\/zentralschweiz.net\/inserate\/index.php?rest_route=\/wp\/v2\/users\/1"}],"replies":[{"embeddable":true,"href":"https:\/\/zentralschweiz.net\/inserate\/index.php?rest_route=%2Fwp%2Fv2%2Fcomments&post=394"}],"wp:attachment":[{"href":"https:\/\/zentralschweiz.net\/inserate\/index.php?rest_route=%2Fwp%2Fv2%2Fmedia&parent=394"}],"curies":[{"name":"wp","href":"https:\/\/api.w.org\/{rel}","templated":true}]}}

<p>3,5mm Jackstecker auf Kupplung 4 polige Headset Micro/+Audiokabelverlängerung 200cm</p>
<p><strong><span style="font-size: 18pt;">4 polige Headset Micro/+Audiokabelverlängerung</span></strong></p>
<p><strong><span style="font-size: 18pt;">3,5mm Jackstecker auf 3,5mm Jackkupplung</span></strong></p>
<p><strong><span style="font-size: 18pt;">Länge 2meter</span></strong></p>
<p><span style="font-size: 18pt;"><strong>Hochwertig verarbeitetes strapazierfähiges Braiding (Mantelgeflecht)</strong></span></p>
<p><strong><span style="font-size: 18pt;">2 meter Microphon und Audio Verlängerung</span></strong></p>
<p><strong><span style="font-size: 18pt;">Farbe : Rot</span></strong></p>
<p><strong><span style="font-size: 18pt;">für viele Zwecke wie: Headset / Kopfhörer /Handy/Tablet/ Laptop</span></strong></p>
<p><strong><span style="font-size: 18pt;">Übertragung von Tonsignal AUX + Audio/Mikrofon Ein/Ausgängen</span></strong></p>
<p><strong><span style="font-size: 18pt;">Anschlüsse bei Handys für die Ton Musikübertragung</span></strong></p>
<p><strong><span style="font-size: 18pt;">TWINT Zahlung möglich</span></strong></p>
<p><strong><span style="font-size: 18pt;">A &#8211; Post Versand</span></strong></p>
<p><strong><span style="font-size: 18pt;">auch 3 Meter Kabel verfügbar</span></strong></p>
